n 1697241 is divided by 480.
441
What is the remainder when 568111 is divided by 142025?
11
Calculate the remainder when 233420 is divided by 233401.
19
What is the remainder when 55555514 is divided by 67096?
26
Calculate the remainder when 2603485 is divided by 68511.
67
What is the remainder when 223247 is divided by 4133?
65
What is the remainder when 1299315 is divided by 1299308?
7
Calculate the remainder when 26347 is divided by 2803.
1120
What is the remainder when 16262 is divided by 5412?
26
What is the remainder when 3286671 is divided by 365184?
15
What is the remainder when 29572520 is divided by 14?
12
Calculate the remainder when 267181 is divided by 33379.
149
Calculate the remainder when 43595298 is divided by 700.
698
Calculate the remainder when 4954219 is divided by 14.
11
Calculate the remainder when 3692608 is divided by 36.
16
What is the remainder when 1468861 is divided by 2591?
2355
What is the remainder when 48519 is divided by 24173?
173
Calculate the remainder when 22483129 is divided by 153994.
5
What is the remainder when 49749442 is divided by 733?
732
What is the remainder when 36160588 is divided by 36160582?
6
What is the remainder when 64427 is divided by 630?
167
What is the remainder when 1392718 is divided by 18325?
18
What is the remainder when 156967 is divided by 78479?
9
What is the remainder when 17124466 is divided by 2140554?
34
Calculate the remainder when 15877534 is divided by 15311.
27
Calculate the remainder when 115460 is divided by 1228.
28
What is the remainder when 91295 is divided by 1248?
191
Calculate the remainder when 264758235 is divided by 846.
843
Calculate the remainder when 17451710 is divided by 35.
10
Calculate the remainder when 167384 is divided by 55.
19
Calculate the remainder when 85906 is divided by 16984.
986
What is the remainder when 376796673 is divided by 13?
6
Calculate the remainder when 985915 is divided by 98175.
4165
What is the remainder when 196020513 is divided by 3396?
3393
What is the remainder when 14394064 is divided by 3775?
3764
Calculate the remainder when 797479 is divided by 1634.
87
What is the remainder when 121939660 is divided by 60?
40
What is the remainder when 744079 is divided by 4960?
79
What is the remainder when 7925027 is divided by 727?
0
What is the remainder when 3461999 is divided by 148?
131
What is the remainder when 166872 is divided by 55622?
6
What is the remainder when 150146334 is divided by 75073161?
12
Calculate the remainder when 91112718 is divided by 6117.
3
What is the remainder when 1988124 is divided by 850?
824
What is the remainder when 69356 is divided by 3627?
443
Calculate the remainder when 18613263 is divided by 34469.
3
Calculate the remainder when 9827372 is divided by 1123.
1122
What is the remainder when 18816728 is divided by 370?
8
What is the remainder when 3728939 is divided by 248?
11
What is the remainder when 6106341 is divided by 366?
363
What is the remainder when 205141 is divided by 1085?
76
What is the remainder when 3205871 is divided by 119?
11
What is the remainder when 427254 is divided by 3063?
1497
Calculate the remainder when 13916238 is divided by 1988030.
28
What is the remainder when 998454 is divided by 270?
264
Calculate the remainder when 17812056 is divided by 61.
56
Calculate the remainder when 642435 is divided by 275.
35
Calculate the remainder when 482340 is divided by 659.
611
Calculate the remainder when 77479 is divided by 72562.
4917
Calculate the remainder when 379569 is divided by 2652.
333
Calculate the remainder when 20505 is divided by 1517.
784
What is the remainder when 63711 is divided by 3079?
2131
Calculate the remainder when 96860394 is divided by 1327.
10
Calculate the remainder when 23789226 is divided by 17428.
6
Calculate the remainder when 188689551 is divided by 3618.
3615
Calculate the remainder when 867100 is divided by 27082.
476
What is the remainder when 1131517 is divided by 141436?
29
Calculate the remainder when 12681447 is divided by 258.
231
Calculate the remainder when 1029801 is divided by 1144.
201
Calculate the remainder when 93548 is divided by 15573.
110
Calculate the remainder when 9983243 is divided by 133.
130
Calculate the remainder when 95594187 is divided by 848.
843
Calculate the remainder when 402529 is divided by 158.
103
What is the remainder when 6060418 is divided by 159?
133
Calculate the remainder when 37186455 is divided by 21.
12
What is the remainder when 120047883 is divided by 20?
3
What is the remainder when 136590 is divided by 225?
15
Calculate the remainder when 418508447 is divided by 139502810.
17
What is the remainder when 84784705 is divided by 1642?
35
Calculate the remainder when 694842 is divided by 99155.
757
Calculate the remainder when 7274171 is divided by 463.
441
What is the remainder when 266849 is divided by 2085?
2054
Calculate the remainder when 8698156 is divided by 1449679.
82
Calculate the remainder when 653274 is divided by 149.
58
Calculate the remainder when 397583972 is divided by 3133.
6
Calculate the remainder when 164106 is divided by 4972.
30
What is the remainder when 27159263 is divided by 4513?
29
What is the remainder when 151730 is divided by 2914?
202
Calculate the remainder when 100066 is divided by 24985.
126
What is the remainder when 5639892 is divided by 2819796?
300
Calculate the remainder when 123897 is divided by 17.
1
Calculate the remainder when 4378123 is divided by 75484.
51
What is the remainder when 10168351 is divided by 33?
28
What is the remainder when 47448349 is divided by 5?
4
Calculate the remainder when 10047337 is divided by 90516.
61
Calculate the remainder when 95613834 is divided by 549.
543
What is the remainder when 8643492 is divided by 35?
32
Calculate the remainder when 570819147 is divided by 18.
15
What is the remainder when 1283738 is divided by 9039?
200
Calculate the remainder when 2720145 is divided by 678.
9
What is the remainder when 37055 is divided by 12241?
332
Calculate the remainder when 774264 is divided by 387107.
50
Calculate the remainder when 570428 is divided by 20.
8
Calculate the remainder when 830753 is divided by 6439.
122
Calculate the remainder when 14664585 is divided by 232771.
12
Calculate the remainder when 3171791 is divided by 16.
15
Calculate the remainder when 128205777 is divided by 30.
27
What is the remainder when 347110 is divided by 697?
4
What is the remainder when 1579915 is divided by 66?
7
Calculate the remainder when 1985633 is divided by 146.
33
Calculate the remainder when 72201 is divided by 743.
130
Calculate the remainder when 13903648 is divided by 75.
73
Calculate the remainder when 15785454 is divided by 479.
9
Calculate the remainder when 732805 is divided by 487.
357
What is the remainder when 425229 is divided by 926?
195
Calculate the remainder when 573797 is divided by 3646.
1375
Calculate the remainder when 78210 is divided by 25998.
216
What is the remainder when 173986 is divided by 486?
484
What is the remainder when 63466 is divided by 15841?
102
Calculate the remainder when 1018549 is divided by 214.
123
Calculate the remainder when 526820 is divided by 244.
24
What is the remainder when 33980 is divided by 427?
247
Calculate the remainder when 5320793 is divided by 463.
460
Calculate the remainder when 2209488399 is divided by 3920.
3919
What is the remainder when 254937047 is divided by 19?
6
What is the remainder when 16356894 is divided by 5452295?
9
What is the remainder when 82693 is divided by 1590?
13
What is the remainder when 2187223 is divided by 22?
5
What is the remainder when 290250 is divided by 1021?
286
Calculate the remainder when 1655948 is divided by 2188.
1820
Calculate the remainder when 4088571 is divided by 47.
41
Calculate the remainder when 3111544 is divided by 2329.
0
What is the remainder when 1565875 is divided by 183?
127
Calculate the remainder when 1431011 is divided by 119213.
455
Calculate the remainder when 282963 is divided by 529.
477
What is the remainder when 41077 is divided by 41044?
33
Calculate the remainder when 1411 is divided by 1322.
89
What is the remainder when 6260351 is divided by 42?
41
What is the remainder when 864095 is divided by 112?
